
Is 304200917 composite?
False
Is 606980347 composite?
False
Is 89525026687 a composite number?
False
Is 5448742381 composite?
False
Is 44392718 a prime number?
False
Is 4446146359 a prime number?
False
Is 13360252567 a composite number?
False
Is 11312430301 composite?
True
Is 41920315721 prime?
True
Is 650309587 composite?
True
Is 5451762127 prime?
False
Is 20814551621 composite?
True
Is 52513231 prime?
False
Is 9682076081 composite?
False
Is 12287914987 a composite number?
False
Is 31947543617 a prime number?
False
Is 298662331 a composite number?
True
Is 944774329 composite?
False
Is 954845669 composite?
False
Is 11657737909 a prime number?
True
Is 376988061407 a composite number?
False
Is 6976656149 prime?
True
Is 10196302931 composite?
False
Is 859195099 composite?
True
Is 4035171407 a prime number?
True
Is 188744735 composite?
True
Is 5261946409 a composite number?
True
Is 8107428323 a composite number?
False
Is 17936864551 a composite number?
True
Is 9450483851 prime?
False
Is 61064304241 a composite number?
True
Is 1688666773 composite?
True
Is 19256210219 prime?
False
Is 12293164619 a composite number?
True
Is 50567907535 prime?
False
Is 107691125909 a prime number?
True
Is 2328622822 prime?
False
Is 632603351 a prime number?
True
Is 116156807633 composite?
True
Is 1736988371 a prime number?
True
Is 99042962905 prime?
False
Is 4841832197 composite?
False
Is 1604739641 composite?
True
Is 958513643 a composite number?
False
Is 3412679173 prime?
True
Is 20128169747 prime?
False
Is 1185521999 a composite number?
False
Is 1548908959 a prime number?
False
Is 3576893591 a composite number?
True
Is 64362208837 composite?
False
Is 67484128273 a composite number?
False
Is 6784409431 a prime number?
False
Is 266627819 composite?
False
Is 230339597 prime?
True
Is 42573301 a composite number?
True
Is 1482405359 a composite number?
False
Is 1463040773 composite?
True
Is 2597133461 prime?
False
Is 141006460627 prime?
True
Is 219666131 composite?
False
Is 6644607481 composite?
False
Is 6615573743 a prime number?
False
Is 192445541 prime?
True
Is 16161583031 a prime number?
False
Is 9264337081 prime?
False
Is 93711377203 prime?
True
Is 12396017539 prime?
False
Is 4196767241 prime?
True
Is 7675258159 composite?
False
Is 25018593997 prime?
True
Is 49455980257 prime?
False
Is 843609047 prime?
True
Is 340494257735 a composite number?
True
Is 627837909 a composite number?
True
Is 522558187 a prime number?
False
Is 225232580579 a prime number?
True
Is 375986983 composite?
True
Is 17361073195 a composite number?
True
Is 675445013 composite?
True
Is 2454135013 prime?
False
Is 79784543 a prime number?
False
Is 1340114299 composite?
False
Is 70801911767 a prime number?
True
Is 572040767 a composite number?
False
Is 172251823637 composite?
False
Is 755246417 composite?
False
Is 160196873 a prime number?
True
Is 249796637 a composite number?
False
Is 12190042291 composite?
True
Is 65528159 prime?
False
Is 3170841917 composite?
False
Is 646727701 composite?
False
Is 8681408831 composite?
False
Is 6940302991 a prime number?
True
Is 829732249 composite?
True
Is 16697087587 prime?
True
Is 60576135677 prime?
True
Is 565411223 composite?
True
Is 138182485591 composite?
True
Is 14370682143 prime?
False
Is 620116193 a composite number?
True
Is 13161062027 prime?
True
Is 377687894 prime?
False
Is 855880367 composite?
False
Is 3918050327 prime?
False
Is 1032239261 a prime number?
False
Is 742402489 prime?
False
Is 38556542909 a prime number?
True
Is 88176546383 prime?
False
Is 62300061701 a composite number?
False
Is 4236297998 a prime number?
False
Is 1115373487 composite?
True
Is 122481701005 a composite number?
True
Is 1422765590351 composite?
True
Is 78287418289 prime?
False
Is 11885847887 prime?
False
Is 1478907091 a composite number?
False
Is 104877221074 composite?
True
Is 3302753539 a composite number?
True
Is 29317761579 a prime number?
False
Is 16548979697 a prime number?
False
Is 5800222523 composite?
True
Is 1431889643 a prime number?
False
Is 4261802267 composite?
True
Is 35769983599 a composite number?
True
Is 55759721 a composite number?
True
Is 867068653 prime?
False
Is 2110934229 composite?
True
Is 23769532673 composite?
True
Is 76358343235 composite?
True
Is 61579450811 a prime number?
False
Is 164165249 prime?
False
Is 41906262697 a prime number?
False
Is 36758017739 prime?
True
Is 71201701 a composite number?
True
Is 362842591 prime?
True
Is 12634266761 prime?
False
Is 37333289 composite?
True
Is 74856357259 prime?
True
Is 361604952011 prime?
True
Is 335399216179 prime?
True
Is 723605207 prime?
False
Is 1789570403 a prime number?
True
Is 23848630177 composite?
False
Is 52535625209 a composite number?
False
Is 74374006589 a composite number?
False
Is 21124953511 prime?
True
Is 414229327 composite?
True
Is 221281013 a prime number?
False
Is 208538299 prime?
False
Is 298852322861 prime?
True
Is 2354691611 composite?
False
Is 11263026613 a composite number?
True
Is 56785635989 composite?
False
Is 8149606909 prime?
False
Is 13151481929 prime?
True
Is 190455263 a composite number?
True
Is 757971817 prime?
False
Is 5715821989 prime?
True
Is 5647489781 composite?
True
Is 26877463 a composite number?
False
Is 323136136157 prime?
True
Is 60438504497 a prime number?
False
Is 6408567833 a composite number?
False
Is 1256444243 a prime number?
True
Is 33321073 a composite number?
True
Is 6952479857 prime?
False
Is 81128651237 composite?
False
Is 5204459707 a composite number?
True
Is 59928111811 a prime number?
False
Is 8241690839 a prime number?
False
Is 1207127081 a composite number?
False
Is 80163395381 a composite number?
False
Is 578017681 a prime number?
False
Is 510648767 composite?
False
Is 6357956197 a prime number?
True
Is 10355060777 a composite number?
True
Is 1482579661 composite?
False
Is 139681121 a composite number?
True
Is 295302949 a composite number?
False
Is 82713051569 a prime number?
False
Is 29095101943 prime?
False
Is 167252753 prime?
True
Is 303334841 composite?
False
Is 913713737 a prime number?
True
Is 14714101 prime?
True
Is 126777274985 a prime number?
False
Is 43152055019 composite?
False
Is 10554093773 a prime number?
False
Is 6253922449 a prime number?
False
Is 19144272151 prime?
False
Is 298291561 a prime number?
True
Is 220745714723 prime?
True
Is 5007978043 a prime number?
True
Is 99690505571 a composite number?
False
Is 2627059951 composite?
False
Is 25838525387 a composite number?
False
Is 180455190973 composite?
False
Is 305508817 a prime number?
False
Is 1015546643 prime?
True
Is 6738400973 a composite number?
True
Is 77765991307 a prime number?
True
Is 1136409163 a prime number?
False
Is 3175986241 composite?
False
Is 11163022067 a composite number?
False
Is 6577513199 a prime number?
False
Is 1004621479 a composite number?
True
Is 3648381487 a composite number?
False
Is 40165798957 a composite number?
False
Is 15436637 a composite number?
False
Is 21994007089 composite?
True
Is 5179115231 a composite number?
True
Is 108541777 a prime number?
True
Is 1188560237 prime?
True
Is 15392296963 composite?
True
Is 1084620413 composite?
True
Is 2495295041 a prime number?
False
Is 2385599969 prime?
False
Is 933350147 prime?
True
Is 279453535 a composite number?
True
Is 28231598359 a prime number?
False
Is 2289926131 a composite number?
True
Is 442721023 prime?
True
Is 68089651237 a composite number?
True
Is 51944819065 composite?
True
Is 2446547533 composite?
False
Is 309299957 a composite number?
True
Is 2639188547 a composite number?
False
Is 227718077 prime?
False
Is 1993558279 a prime number?
False
Is 29375175097 a prime number?
True
Is 37868105201 prime?
True
Is 4936160114 a prime number?
False
Is 414563089 composite?
True
Is 3714275995 a prime number?
False
Is 2235897551 a prime number?
False
Is 1339913683 a composite number?
False
Is 814655129 a composite number?
False
Is 629599213 a prime number?
False
Is 6953720723 composite?
False
Is 3627434183 a composite number?
True
Is 17784430705 a prime number?
False
Is 4130291701 prime?
True
Is 5142699049 a prime number?
False
Is 46576419821 prime?
True
Is 1188530645 composite?
True
Is 6339190811 a prime number?
True
Is 33745662893 a composite number?
True
Is 96714981397 composite?
F